d thousands digit of 109448?
1
What is the hundred thousands digit of 16633225?
6
What is the tens digit of 1965826?
2
What is the units digit of 3824602?
2
What is the ten thousands digit of 6159418?
5
What is the hundreds digit of 20925398?
3
What is the hundreds digit of 1894509?
5
What is the thousands digit of 2551528?
1
What is the hundreds digit of 1548458?
4
What is the millions digit of 2196071?
2
What is the ten thousands digit of 49328?
4
What is the ten thousands digit of 16033604?
3
What is the hundred thousands digit of 2789668?
7
What is the hundreds digit of 8261941?
9
What is the units digit of 15165229?
9
What is the hundreds digit of 306014?
0
What is the ten millions digit of 10105130?
1
What is the ten thousands digit of 12156392?
5
What is the hundred thousands digit of 1306490?
3
What is the millions digit of 2625426?
2
What is the hundred thousands digit of 1463696?
4
What is the thousands digit of 2998395?
8
What is the thousands digit of 488571?
8
What is the thousands digit of 367026?
7
What is the thousands digit of 4020585?
0
What is the ten millions digit of 41813785?
4
What is the ten thousands digit of 39064315?
6
What is the hundreds digit of 193742?
7
What is the hundreds digit of 3566043?
0
What is the units digit of 133640?
0
What is the ten thousands digit of 10902500?
0
What is the hundreds digit of 16557986?
9
What is the ten thousands digit of 338646?
3
What is the ten thousands digit of 20733616?
3
What is the tens digit of 116740?
4
What is the hundreds digit of 15249715?
7
What is the thousands digit of 684473?
4
What is the ten thousands digit of 746717?
4
What is the thousands digit of 17567659?
7
What is the units digit of 2404601?
1
What is the tens digit of 254935?
3
What is the thousands digit of 2234299?
4
What is the hundreds digit of 15092596?
5
What is the tens digit of 89368?
6
What is the units digit of 743711?
1
What is the tens digit of 3139797?
9
What is the tens digit of 184523?
2
What is the hundred thousands digit of 100664?
1
What is the millions digit of 4674072?
4
What is the ten thousands digit of 483921?
8
What is the hundreds digit of 17638673?
6
What is the millions digit of 14676303?
4
What is the units digit of 1476124?
4
What is the ten thousands digit of 4304814?
0
What is the units digit of 899800?
0
What is the hundred thousands digit of 266365?
2
What is the thousands digit of 3836807?
6
What is the units digit of 12645535?
5
What is the ten thousands digit of 398469?
9
What is the hundreds digit of 7759293?
2
What is the units digit of 12086290?
0
What is the hundreds digit of 9169159?
1
What is the hundreds digit of 464795?
7
What is the hundred thousands digit of 12259002?
2
What is the thousands digit of 243305?
3
What is the hundreds digit of 25971505?
5
What is the ten thousands digit of 13126412?
2
What is the hundred thousands digit of 377499?
3
What is the thousands digit of 15504494?
4
What is the tens digit of 5120627?
2
What is the hundred thousands digit of 641641?
6
What is the thousands digit of 1232607?
2
What is the hundreds digit of 614277?
2
What is the thousands digit of 471168?
1
What is the hundred thousands digit of 14471292?
4
What is the thousands digit of 1305397?
5
What is the hundreds digit of 1101906?
9
What is the ten thousands digit of 77772?
7
What is the hundreds digit of 508876?
8
What is the tens digit of 3567961?
6
What is the millions digit of 14262228?
4
What is the hundreds digit of 421622?
6
What is the thousands digit of 161841?
1
What is the hundred thousands digit of 1046052?
0
What is the hundreds digit of 1767780?
7
What is the units digit of 12853915?
5
What is the ten thousands digit of 4978828?
7
What is the units digit of 1615035?
5
What is the units digit of 405498?
8
What is the thousands digit of 687806?
7
What is the hundred thousands digit of 725774?
7
What is the hundred thousands digit of 190355?
1
What is the tens digit of 7663716?
1
What is the thousands digit of 1458950?
8
What is the hundreds digit of 140319?
3
What is the tens digit of 2537871?
7
What is the millions digit of 2584095?
2
What is the units digit of 3066154?
4
What is the hundreds digit of 6685147?
1
What is the hundred thousands digit of 725703?
7
What is the hundreds digit of 2046308?
3
What is the hundreds digit of 106577?
5
What is the ten millions digit of 13405694?
1
What is the tens digit of 312933?
3
What is the hundred thousands digit of 18020549?
0
What is the thousands digit of 1051473?
1
What is the hundred thousands digit of 10628959?
6
What is the tens digit of 5697853?
5
What is the ten millions digit of 13690010?
1
What is the hundred thousands digit of 209300?
2
What is the ten thousands digit of 1865433?
6
What is the tens digit of 8796489?
8
What is the hundreds digit of 38529829?
8
What is the hundred thousands digit of 193823?
1
What is the millions digit of 10712701?
0
What is the hundred thousands digit of 15142458?
1
What is the hundred thousands digit of 6652993?
6
What is the units digit of 255355?
5
What is the units digit of 2774256?
6
What is the hundreds digit of 255684?
6
What is the units digit of 118721?
1
What is the thousands digit of 1184432?
4
What is the thousands digit of 18985251?
5
What is the hundreds digit of 142752?
7
What is the units digit of 22695?
5
What is the units digit of 5783809?
9
What is the hundreds digit of 483698?
6
What is the hundred thousands digit of 400329?
4
What is the hundreds digit of 135773?
7
What is the hundred thousands digit of 153152?
1
What is the hundred thousands digit of 26273154?
2
What is the thousands digit of 2267169?
7
What is the hundreds digit of 1688985?
9
What is the hundred thousands digit of 472474?
4
What is the ten thousands digit of 22327930?
2
What is the hundred thousands digit of 419906?
4
What is the thousands digit of 1929034?
9
What is the hundred thousands digit of 2448395?
4
What is the millions digit of 5922144?
5
What is the hundred thousands digit of 135157?
1
What is the tens digit of 265393?
9
What is the units digit of 131777?
7
What is the tens digit of 94028?
2
What is the hundreds digit of 6342441?
4
What is the hundred thousands digit of 461606?
4
What is the ten millions digit of 12248304?
1
What is the hundred thousands digit of 559406?
5
What is the thousands digit of 474806?
4
What is the thousands digit of 91152?
1
What is the tens digit of 2108043?
4
What is the millions digit of 16642177?
6
What is the ten thousands digit of 1783481?
8
What is the units digit of 1061796?
6
What is the ten thousands digit of 12461?
1
What is the units digit of 207918?
8
What is the ten thousands digit of 92708?
9
What is the hundred thousands digit of 335398?
3
What is the units digit of 2884262?
2
What is the hundreds digit of 107714?
7
What is the units digit of 768126?
6
What is the tens digit of 24338259?
5
What is the ten thousands digit of 543640?
4
What is the thousands digit of 242919?
2
What is the hundreds digit of 3112824?
8
What is the thousands digit of 7122226?
2
What is the units digit of 2785883?
3
What is the ten thousands digit of 57765?
5
What is the ten millions digit of 17486422?
1
What is the hundreds digit of 993376?
3
What is the millions digit of 11834163?
1
What is the hundred thousands digit of 9665810?
6
What is the ten thousands digit of 1240797?
4
What is the thousands digit of 983591?
3
What is the ten millions digit of 12998800?
1
What is the hundreds digit of 1191319?
3
What is the ten thousands digit of 31706?
3
What is the hundreds digit of 524147?
1
What is the hundreds digit of 14845076?
0
What is the tens digit of 2155689?
8
What is the millions digit of 3363124?
3
What is the tens digit of 14164651?
5
What is the hundred thousands digit of 479543?
4
What is the hundreds digit of 327450?
4
What is the millions digit of 7017720?
7
What is the ten thousands digit of 6210425?
1
What is the hundred thousands digit of 322486?
3
What is the hundred thousands digit of 2166311?
1
What is the tens digit of 25754?
5
What is the units digit of 9205876?
6
What is the ten thousands digit of 450335?
5
What is the thousands digit of 283771?
3
What is the ten thousands digit of 103400?
0
What is the thousands digit of 57997